87 is divided by 76.
71
Calculate the remainder when 12726 is divided by 107.
100
What is the remainder when 31077 is divided by 268?
257
What is the remainder when 2129 is divided by 46?
13
What is the remainder when 12312 is divided by 6152?
8
Calculate the remainder when 5722 is divided by 566.
62
Calculate the remainder when 1103 is divided by 457.
189
Calculate the remainder when 18094 is divided by 208.
206
Calculate the remainder when 2734 is divided by 1645.
1089
What is the remainder when 48814 is divided by 13?
12
What is the remainder when 10813 is divided by 5038?
737
What is the remainder when 49845 is divided by 62?
59
What is the remainder when 11925 is divided by 35?
25
Calculate the remainder when 883 is divided by 233.
184
What is the remainder when 36279 is divided by 90?
9
What is the remainder when 1647 is divided by 138?
129
What is the remainder when 14249 is divided by 130?
79
Calculate the remainder when 9550 is divided by 9312.
238
What is the remainder when 7863 is divided by 784?
23
What is the remainder when 1929 is divided by 529?
342
Calculate the remainder when 2099 is divided by 138.
29
What is the remainder when 3659 is divided by 458?
453
What is the remainder when 1218629 is divided by 490?
489
Calculate the remainder when 53891 is divided by 69.
2
Calculate the remainder when 1732 is divided by 661.
410
Calculate the remainder when 32403 is divided by 11.
8
Calculate the remainder when 15612 is divided by 37.
35
What is the remainder when 9209 is divided by 835?
24
What is the remainder when 736 is divided by 40?
16
Calculate the remainder when 3997 is divided by 675.
622
What is the remainder when 23020 is divided by 118?
10
Calculate the remainder when 3614 is divided by 138.
26
Calculate the remainder when 7108 is divided by 30.
28
What is the remainder when 20648 is divided by 2942?
54
Calculate the remainder when 42518 is divided by 80.
38
What is the remainder when 1773 is divided by 1250?
523
Calculate the remainder when 371165 is divided by 1213.
1200
What is the remainder when 15602 is divided by 374?
268
What is the remainder when 18646 is divided by 171?
7
Calculate the remainder when 1016 is divided by 412.
192
Calculate the remainder when 17654 is divided by 34.
8
What is the remainder when 39593 is divided by 661?
594
Calculate the remainder when 2440 is divided by 172.
32
Calculate the remainder when 69358 is divided by 271.
253
Calculate the remainder when 539284 is divided by 66.
64
What is the remainder when 4900 is divided by 2446?
8
What is the remainder when 182736 is divided by 15226?
24
Calculate the remainder when 16332 is divided by 12.
0
What is the remainder when 4560 is divided by 197?
29
What is the remainder when 83048 is divided by 27670?
38
Calculate the remainder when 1248 is divided by 30.
18
What is the remainder when 15945 is divided by 759?
6
What is the remainder when 8380 is divided by 95?
20
What is the remainder when 35097 is divided by 1671?
6
Calculate the remainder when 1122 is divided by 277.
14
What is the remainder when 253189 is divided by 389?
339
What is the remainder when 1694 is divided by 487?
233
What is the remainder when 1258 is divided by 625?
8
What is the remainder when 539899 is divided by 121?
118
Calculate the remainder when 2857 is divided by 332.
201
What is the remainder when 1480 is divided by 423?
211
What is the remainder when 19526 is divided by 72?
14
Calculate the remainder when 32842 is divided by 106.
88
What is the remainder when 62303 is divided by 424?
399
What is the remainder when 36668 is divided by 74?
38
What is the remainder when 248948 is divided by 48?
20
Calculate the remainder when 2654 is divided by 22.
14
Calculate the remainder when 2448 is divided by 595.
68
Calculate the remainder when 2356 is divided by 7.
4
Calculate the remainder when 2073301 is divided by 14.
13
Calculate the remainder when 7405 is divided by 952.
741
What is the remainder when 562 is divided by 556?
6
Calculate the remainder when 106259 is divided by 924.
923
What is the remainder when 229453 is divided by 352?
301
What is the remainder when 11168 is divided by 5363?
442
What is the remainder when 37497 is divided by 150?
147
Calculate the remainder when 31481 is divided by 19.
17
Calculate the remainder when 27057 is divided by 8993.
78
What is the remainder when 83526 is divided by 1176?
30
What is the remainder when 13627 is divided by 3?
1
What is the remainder when 281321 is divided by 1995?
26
Calculate the remainder when 3157 is divided by 48.
37
Calculate the remainder when 77516 is divided by 77418.
98
Calculate the remainder when 15792 is divided by 9.
6
Calculate the remainder when 43668 is divided by 739.
67
Calculate the remainder when 525 is divided by 188.
149
What is the remainder when 225574 is divided by 214?
18
What is the remainder when 722 is divided by 410?
312
Calculate the remainder when 13585 is divided by 310.
255
Calculate the remainder when 12603 is divided by 19.
6
What is the remainder when 3395 is divided by 664?
75
Calculate the remainder when 523370 is divided by 38.
34
What is the remainder when 147405 is divided by 158?
149
What is the remainder when 29533 is divided by 663?
361
Calculate the remainder when 116086 is divided by 26.
22
Calculate the remainder when 2643 is divided by 366.
81
Calculate the remainder when 91295 is divided by 18245.
70
Calculate the remainder when 319004 is divided by 255.
254
What is the remainder when 10687 is divided by 396?
391
What is the remainder when 1304413 is divided by 72?
61
What is the remainder when 12148 is divided by 578?
10
What is the remainder when 9996 is divided by 261?
78
Calculate the remainder when 13821 is divided by 96.
93
Calculate the remainder when 447 is divided by 212.
23
Calculate the remainder when 36671 is divided by 48.
47
Calculate the remainder when 13959 is divided by 90.
9
Calculate the remainder when 33590 is divided by 64.
54
Calculate the remainder when 597 is divided by 255.
87
What is the remainder when 985 is divided by 826?
159
What is the remainder when 77213 is divided by 260?
253
What is the remainder when 294212 is divided by 24514?
44
What is the remainder when 127714 is divided by 87?
85
Calculate the remainder when 28169 is divided by 28130.
39
Calculate the remainder when 605 is divided by 240.
125
Calculate the remainder when 13018 is divided by 95.
3
Calculate the remainder when 28825 is divided by 686.
13
What is the remainder when 16067 is divided by 33?
29
Calculate the remainder when 8716 is divided by 311.
8
Calculate the remainder when 370122 is divided by 12762.
24
What is the remainder when 173704 is divided by 180?
4
Calculate the remainder when 151541 is divided by 96.
53
What is the remainder when 711 is divided by 119?
116
Calculate the remainder when 1181669 is divided by 210.
209
What is the remainder when 6953 is divided by 16?
9
What is the remainder when 37119 is divided by 125?
119
What is the remainder when 106159 is divided by 40?
39
What is the remainder when 442744 is divided by 107?
85
Calculate the remainder when 10849 is divided by 1381.
1182
Calculate the remainder when 9282 is divided by 40.
2
Calculate the remainder when 194739 is divided by 68.
55
Calculate the remainder when 1433995 is divided by 229.
226
What is the remainder when 337286 is divided by 12492?
2
Calculate the remainder when 30247 is divided by 250.
247
Calculate the remainder when 554188 is divided by 29.
27
Calculate the remainder when 3458 is divided by 1639.
180
What is the remainder when 4133 is divided by 1018?
61
What is the remainder when 34966 is divided by 70?
36
What is the remainder when 63046 is divided by 493?
435
Calculate the remainder when 2786 is divided by 31.
27
What is the remainder when 243 is divided by 94?
55
Calculate the remainder when 3400 is divided by 3217.
183
What is the remainder when 556 is divided by 259?
38
What is the remainder when 159967 is divided by 159949?
18
What is the remainder when 22084 is divided by 3?
1
Calculate the remainder when 93882 is divided by 1618.
38
Calculate the remainder when 4861 is divided by 2429.
3
Calculate the remainder when 1210 is divided by 829.
381
Calculate t